69?
66
What is the remainder when 50 is divided by 21?
8
Calculate the remainder when 4713 is divided by 53.
49
What is the remainder when 256 is divided by 18?
4
What is the remainder when 315 is divided by 99?
18
What is the remainder when 271 is divided by 40?
31
What is the remainder when 122 is divided by 14?
10
What is the remainder when 357 is divided by 40?
37
Calculate the remainder when 6723 is divided by 306.
297
What is the remainder when 465 is divided by 90?
15
Calculate the remainder when 1453 is divided by 381.
310
What is the remainder when 673 is divided by 402?
271
Calculate the remainder when 440 is divided by 117.
89
Calculate the remainder when 40 is divided by 11.
7
Calculate the remainder when 215 is divided by 41.
10
Calculate the remainder when 1654 is divided by 78.
16
What is the remainder when 109 is divided by 107?
2
What is the remainder when 263 is divided by 11?
10
What is the remainder when 57 is divided by 15?
12
What is the remainder when 152 is divided by 27?
17
What is the remainder when 17343 is divided by 14?
11
What is the remainder when 63 is divided by 8?
7
What is the remainder when 13479 is divided by 18?
15
Calculate the remainder when 350 is divided by 170.
10
What is the remainder when 145 is divided by 9?
1
What is the remainder when 72 is divided by 25?
22
Calculate the remainder when 966 is divided by 2.
0
What is the remainder when 153 is divided by 14?
13
What is the remainder when 6 is divided by 6?
0
Calculate the remainder when 63 is divided by 35.
28
What is the remainder when 53 is divided by 13?
1
What is the remainder when 264 is divided by 85?
9
What is the remainder when 355 is divided by 60?
55
Calculate the remainder when 42 is divided by 11.
9
What is the remainder when 749 is divided by 28?
21
What is the remainder when 182 is divided by 53?
23
Calculate the remainder when 301 is divided by 92.
25
Calculate the remainder when 262 is divided by 57.
34
What is the remainder when 773 is divided by 129?
128
What is the remainder when 1305 is divided by 43?
15
What is the remainder when 157 is divided by 32?
29
What is the remainder when 1062 is divided by 30?
12
Calculate the remainder when 210 is divided by 90.
30
What is the remainder when 773 is divided by 687?
86
What is the remainder when 367 is divided by 27?
16
Calculate the remainder when 813 is divided by 51.
48
Calculate the remainder when 7855 is divided by 2618.
1
What is the remainder when 773 is divided by 40?
13
Calculate the remainder when 452 is divided by 428.
24
What is the remainder when 50 is divided by 22?
6
Calculate the remainder when 122 is divided by 12.
2
What is the remainder when 817 is divided by 145?
92
What is the remainder when 61 is divided by 4?
1
What is the remainder when 655 is divided by 223?
209
Calculate the remainder when 152 is divided by 39.
35
Calculate the remainder when 901 is divided by 32.
5
What is the remainder when 315 is divided by 41?
28
What is the remainder when 779 is divided by 20?
19
Calculate the remainder when 3977 is divided by 17.
16
What is the remainder when 836 is divided by 161?
31
Calculate the remainder when 177 is divided by 15.
12
Calculate the remainder when 41 is divided by 28.
13
What is the remainder when 963 is divided by 59?
19
What is the remainder when 190 is divided by 59?
13
What is the remainder when 13445 is divided by 81?
80
Calculate the remainder when 2155 is divided by 700.
55
What is the remainder when 212 is divided by 10?
2
What is the remainder when 177 is divided by 18?
15
Calculate the remainder when 360 is divided by 28.
24
Calculate the remainder when 89 is divided by 7.
5
What is the remainder when 416 is divided by 19?
17
What is the remainder when 357 is divided by 74?
61
Calculate the remainder when 291 is divided by 70.
11
What is the remainder when 77 is divided by 26?
25
What is the remainder when 1326 is divided by 423?
57
What is the remainder when 3482 is divided by 205?
202
What is the remainder when 88 is divided by 32?
24
Calculate the remainder when 398 is divided by 100.
98
What is the remainder when 166 is divided by 12?
10
What is the remainder when 258 is divided by 17?
3
What is the remainder when 205 is divided by 52?
49
Calculate the remainder when 410 is divided by 46.
42
What is the remainder when 300 is divided by 77?
69
Calculate the remainder when 1402 is divided by 29.
10
Calculate the remainder when 582 is divided by 67.
46
Calculate the remainder when 489 is divided by 35.
34
Calculate the remainder when 12750 is divided by 117.
114
Calculate the remainder when 92 is divided by 81.
11
What is the remainder when 623 is divided by 57?
53
What is the remainder when 3753 is divided by 20?
13
Calculate the remainder when 788 is divided by 272.
244
What is the remainder when 299 is divided by 15?
14
What is the remainder when 619 is divided by 147?
31
What is the remainder when 152 is divided by 11?
9
Calculate the remainder when 3246 is divided by 20.
6
What is the remainder when 223 is divided by 17?
2
Calculate the remainder when 15 is divided by 9.
6
Calculate the remainder when 190 is divided by 40.
30
What is the remainder when 543 is divided by 78?
75
What is the remainder when 46 is divided by 8?
6
Calculate the remainder when 87 is divided by 49.
38
Calculate the remainder when 590 is divided by 171.
77
Calculate the remainder when 153 is divided by 52.
49
What is the remainder when 220 is divided by 38?
30
Calculate the remainder when 295 is divided by 97.
4
What is the remainder when 1140 is divided by 7?
6
Calculate the remainder when 711 is divided by 100.
11
What is the remainder when 199 is divided by 26?
17
What is the remainder when 3952 is divided by 61?
48
What is the remainder when 1640 is divided by 527?
59
Calculate the remainder when 565 is divided by 34.
21
What is the remainder when 698 is divided by 19?
14
Calculate the remainder when 95 is divided by 12.
11
Calculate the remainder when 1062 is divided by 56.
54
What is the remainder when 265 is divided by 264?
1
What is the remainder when 229 is divided by 9?
4
Calculate the remainder when 1247 is divided by 12.
11
What is the remainder when 61 is divided by 3?
1
What is the remainder when 49 is divided by 3?
1
Calculate the remainder when 697 is divided by 208.
73
What is the remainder when 124 is divided by 42?
40
What is the remainder when 1141 is divided by 113?
11
Calculate the remainder when 3848 is divided by 175.
173
What is the remainder when 1404 is divided by 351?
0
Calculate the remainder when 25849 is divided by 21.
19
What is the remainder when 1477 is divided by 17?
15
What is the remainder when 2163 is divided by 34?
21
What is the remainder when 503 is divided by 39?
35
What is the remainder when 229 is divided by 106?
17
Calculate the remainder when 60 is divided by 17.
9
What is the remainder when 394 is divided by 130?
4
What is the remainder when 2189 is divided by 28?
5
Calculate the remainder when 110 is divided by 28.
26
What is the remainder when 221 is divided by 14?
11
What is the remainder when 431 is divided by 17?
6
Calculate the remainder when 576 is divided by 85.
66
Calculate the remainder when 110 is divided by 49.
12
What is the remainder when 2187 is divided by 233?
90
Calculate the remainder when 97 is divided by 19.
2
Calculate the remainder when 200 is divided by 35.
25
Calculate the remainder when 605 is divided by 38.
35
What is the remainder when 1084 is divided by 122?
108
What is the remainder when 54 is divided by 14?
12
What is the remainder when 203 is divided by 12?
11
What is the remainder when 44 is divided by 18?
8
Calculate the remainder when 537 is divided by 50.
37
What is the remainder when 40 is divided by 27?
13
What is the remainder when 2483 is divided by 355?
353
What is the remainder when 3403 is divided by 110?
103
Calculate the remainder when 440 is divided by 119.
83
What is the remainder when 1770 is divided by 148?
142
Calculate the remainder when 187 is divided by 19.
16
Calculate the remainder when 1757 is divided by 16.
13
Calculate the remainder when 274 is divided by 23.
21
What is the remainder when 2584 is divided by 121?
43
Calculate the remainder when 220 is div